 a(k). Suppose 0 = -o*n + 7*n + 1. Let p(j) = -6*j**3 + j**2 + j. What is p(n)?
6
Let d(r) = 4 + 3*r**2 + 645*r + 4*r**2 - 648*r - 8*r**2. Give d(-3).
4
Suppose 0 = 7*t - 8*t. Let g(w) = 37*w + 2*w**2 + 24 - w**2 - 36*w. Determine g(t).
24
Let x = 620 - 618. Let l(q) = 186*q - 370*q + 178*q - 8*q**2 + 3 + 3*q**x + q**3. Calculate l(6).
3
Let x(d) = -5*d + 40. Let w be (21/(441/154))/((-6)/(-9)). Calculate x(w).
-15
Let v(y) = -131 - 126*y + 246*y + 105 - 119*y. Calculate v(30).
4
Let h(s) = 2*s - 8. Let c(q) = 2*q**3 - 33*q**2 + 15*q + 15. Let w be c(16). Let g(d) = d + 1. Let i(a) = w*h(a) + g(a). Determine i(10).
-1
Let f(y) = 4 + 8 - y**2 - 11*y + 3. Suppose 1762*m - z = 1766*m + 39, 4*z - 20 = 0. Determine f(m).
15
Let r(q) = 2*q - 43. Let y = 2247 - 2229. Determine r(y).
-7
Let k(h) be the first derivative of 5*h**2/2 + 117*h - 765. Give k(-18).
27
Suppose 0 = -2*p + 7*p + 330. Let a = p - -69. Let n(g) = 7*g**2 - 5*g - g**a - g**2 - g**2 - 7 + 12*g. Calculate n(6).
-1
Let t(v) = -2*v + 2. Suppose 3*z - 2*p = 22, 3 = -5*z - 5*p - 2. Suppose -6*s = -z*s + 4. Let i be t(s). Let f(j) = -j**3 + 6*j**2 - 2*j + 5. Calculate f(i).
-7
Let z = -418019/60 + 6967. Let u(f) be the third derivative of z*f**5 + 0 - 1/3*f**3 - 1/24*f**4 - 21*f**2 + 0*f. Give u(0).
-2
Let g = 43 - 31. Let p be 20/g - (-2)/6. Let s(q) = 4*q - 4*q**2 - 5284 + 2591 + 2690 + 4*q**2 - q**2. Give s(p).
1
Let g(t) = -t**2 - 3*t - 3. Suppose 0 = 3*v - 189 - 96. Let z = -59 + v. Let x be 6/(-8) + (-117)/z. Calculate g(x).
-7
Let g(f) be the first derivative of f**3/3 + 3*f**2/2 + 10*f + 55. Let s(o) be the first derivative of g(o). Let r = 3 + -5. Give s(r).
-1
Let y be (27/45)/(-3)*-5. Let o(w) = -27*w - 3. Let r(a) = -3*a - 1. Let d(c) = y*o(c) - 4*r(c). Give d(2).
-29
Let l(c) = 13457*c + 13441*c + 7 - 26893*c. Determine l(4).
27
Let l(n) be the first derivative of 1/3*n**3 + 8*n - 28 - 13/2*n**2. Calculate l(12).
-4
Let w(a) = a**3 + a + 3. Let p be w(0). Suppose -p*y - 11 = -29. Let o(x) = -x**3 + 7*x**2 - 6*x - 6. What is o(y)?
-6
Let b be (-18)/(((-18)/(-9))/(-3 + 2)). Let n(j) = b*j**2 - 18*j**2 + 9*j**2 - 4*j + 3 + j**2. What is n(2)?
-1
Let l(n) be the first derivative of 25*n**2/2 + 168*n - 3687. Give l(-7).
-7
Let k(h) = h**2 - 11*h + 17. Let s be 4 - 1/((-1956)/488 + 4). Let g = s - 118. Give k(g).
-7
Suppose -8*i + 6*i - 9 = d, 5*d - 2*i = 15. Let k(w) = -11*w + 4. Give k(d).
-7
Let x(l) = -24*l - 42. Let s be x(4). Let m = 130 + s. Let h(y) = -y**2 - 7*y - 1. Calculate h(m).
-9
Suppose 4*k - 2*k = v - 22, 3*v - 2*k - 82 = 0. Suppose -3*s + 28 = s + q, -3*s + v = 3*q. Let n(g) = 4*g - 1. Determine n(s).
23
Let w(k) = k**3 + 10*k**2 - 3*k - 25. Suppose -11*z - 330 = 22*z. Give w(z).
5
Let c(j) = 5*j + 33. Let u(h) = -5*h - 32. Let q(l) = -5*c(l) - 6*u(l). Give q(-4).
7
Suppose 90*f + 708*f + 808 = -5576. Let p(o) = 7*o**2 - 8*o + 11 - o**3 + 0 + 2*o**3. Determine p(f).
11
Let q(p) = -p**3 - 2*p**2 - 2*p - 102. Let h be q(0). Let u be -2 - ((-4)/18 + h/27). Let x(k) = 2*k + 5*k - 15*k - k**u - 5. Give x(-6).
7
Suppose 4*h + 40 = 5*m, -3*h - 16*m + 40 = -11*m. Let k(y) = y**3 + y**2 + y + 7. Determine k(h).
7
Suppose 5*s - 75 = -50. Suppose 2*d = 3*g + 6, 8*d - 9 = s*d - g. Let k(f) = 11*f + 3*f**2 + 1 - 5*f**d + 3*f**3 - 9*f - 4*f. Calculate k(2).
-7
Suppose -172*s + 182*s + 22 + 48 = 0. Let l(r) = r**3 - 6*r**2 - 2*r**3 + 0 - 6 + 5*r. Determine l(s).
8
Let p(v) = -407*v - 2. Let w(x) = 1085*x + 9. Let q(j) = 8*p(j) + 3*w(j). Let o(k) = 3*k - 5. Let b be o(5). Determine q(b).
1
Let x(p) = -2*p**2 - 6 + 34 - 25 - 23*p. Calculate x(-12).
-9
Let x(r) be the second derivative of -r**5/20 - r**4/6 - r**3/6 - r**2 - 11*r. Let y = 44 + -42. Suppose -7*h + y*h = 10. Determine x(h).
0
Let f(y) = -1 + 1 + 4 - 7*y + 0*y. Let g(d) = -8*d + 4. Let t(o) = -17*o + 8. Let v(p) = -5*g(p) + 2*t(p). Let m(l) = 5*f(l) + 6*v(l). Calculate m(4).
0
Let o = 3543 + -3538. Let z(g) = g**2 - 10*g + 37. Calculate z(o).
12
Let p(c) be the second derivative of 3*c**4/4 - c**3/3 - c - 71. What is p(2)?
32
Let b(p) = -p**2 + p - 3. Let n(c) = 18*c + 482. Let m(d) = 6*d + 161. Let f(v) = 10*m(v) - 3*n(v). Let j be f(-27). What is b(j)?
-5
Let z(i) = 6*i - 3. Let c = 2 + 1. Let b(a) = a**3 + 13*a**2 + 33*a + 256. Let q be b(-12). Suppose 18 = 3*l + 4*p, -q*p = -c*l - 5*p + 9. Calculate z(l).
9
Let a = -16 + 9. Let s(q) be the third derivative of 0*q - 7/24*q**4 - 1/60*q**5 - 5/3*q**3 - 13 - 3*q**2. Give s(a).
-10
Let a(x) = 39*x + 1 - 79*x + 44*x. Let k = -12930 - -12928. Determine a(k).
-7
Let d be 20/(-4) + 3 + -2. Suppose 18*s - 144 = 16*s. Let v(c) = 87 + c + s - 159. Determine v(d).
-4
Let q be 10 - (-15 + (-2 - -14)). Let r(i) = 3*i - 50. Determine r(q).
-11
Let q(h) be the first derivative of h**2 + 28*h + 441. What is q(-12)?
4
Suppose 0 = -7*y - 2*y + 26*y - 357. Let r(l) = 3*l - 59. Give r(y).
4
Let m(x) = x**2 + x - 4. Let i = -62 - -26. Let p be 12/i + (-16)/6. What is m(p)?
2
Let f(y) = y**3 + y**2 + 3*y + 15. Let o be (171/(-9) - -19)/7. What is f(o)?
15
Let r(q) = q**3 - 4*q**2 + q + 1. Let a(z) = -20*z - 142. Let u be a(-8). Let w be 253/99 + 8/u. What is r(w)?
-5
Let g(d) be the first derivative of -9*d + 23 - d**2 + 1/20*d**5 - 7/12*d**4 + 0*d**3. Let r(h) be the first derivative of g(h). Determine r(7).
-2
Let b(w) = 5*w**2 + 16*w + 6. Let i(c) = -c**2 - c. Let v(a) = b(a) + 4*i(a). Let d be 0 + (-2*4 - 3). Determine v(d).
-5
Suppose 0*a + 60 = 4*a. Suppose -2*q = -2*m + a + 9, -5*m + 4*q + 59 = 0. Let n(j) = -11*j**2 - j + 24*j**3 - 69*j**3 + 20*j**3 + 8 + 26*j**3. Calculate n(m).
-3
Let a(m) = -2*m**3 - 27*m**2 + 13*m - 13. Let r be a(-14). Let f be 442/390 + (r - 34/30). Let y(s) = -7*s**2 - 1. Calculate y(f).
-8
Let u(n) be the second derivative of 88 - 2*n + 1/2*n**3 - n**2. Calculate u(-1).
-5
Let p(d) = d**2 - 2*d + 5. Let i = 10149 - 10149. Calculate p(i).
5
Let k = 17 - 17. Suppose 2*q + q - 3*o - 60 = k, 2*o = -10. Let h(u) = -17*u**2 + 5 - 2*u + 0 + q*u**2 - 6. Calculate h(-1).
-1
Let i(a) = 12*a + 94. Suppose 478 = -8*g + 414. Give i(g).
-2
Let t(h) be the second derivative of -11*h**3/3 + 8*h**2 + 39*h + 4. Calculate t(1).
-6
Let z(v) = -12*v. Let y(r) = r**3 - 13*r**2 - 31*r + 15. Let i be y(15). Suppose i = -41*g + 50*g - 9. Give z(g).
-12
Let g(l) = -l**3 - 4*l**2 + 6*l + 6. Let z be 3 - (4 + 0) - 3. Let y be -4 - z - (-3)/1. Suppose 4*k - 9 = -2*c + y*c, k - 1 = 0. Give g(c).
1
Let a be (-1)/3 + (-4)/(-3). Let t be (a/2)/1*4. Let j(f) = -115*f**2 + 348*f**2 - 116*f**2 - 116*f**2 - 1. Give j(t).
3
Let w(r) = 4*r**2 - 29*r - 167. Let l(t) = t**2 - 2*t - 20. Let b(f) = 5*l(f) - w(f). What is b(-13)?
-11
Let s(h) = h + 81. Let q be s(-28). Let f(i) = 3 - 15*i - 12*i - 25*i + q*i. Let w be (-6)/8*(0 + 12). Determine f(w).
-6
Let g = -733 - -728. Let m(y) be the third derivative of y**6/120 + y**5/15 - y**4/6 - y**3 + 17*y**2. Give m(g).
-11
Let c(z) = -z - 8. Let m be c(0). Let t be (-6 + -3 + 8)*-2. Let g(s) = s**2 + t*s + 5*s - 2 - 4. Give g(m).
2
Let c(w) = -5*w**2 - 7*w - 7. Let r(s) = 6*s**2 + 7*s + 8. Let j(t) = -7*c(t) - 6*r(t). Suppose -8*f = -7*f. Suppose f = -9*n + 4*n + 30. Determine j(n).
7
Suppose 0 = o - 4*f + 6, 7 + 7 = 4*o + 3*f. Let x(n) = -4*n - 2*n**o + 3*n - 3*n - 2. Let a = -172 + 170. Calculate x(a).
-2
Let k(y) = -31 + 43 - 19 + 18*y - 15. Determine k(2).
14
Let r(t) = 8 + 2*t**3 + 4*t**2 + 5*t - t - 3*t**3. Let g(j) = 914*j - 5479. Let h be g(6). Let u be r(h). Let p(v) = -v**3 + 2*v**2 + 4*v - 1. Determine p(u).
2
Let b(d) = -d**2 - 8*d + 2. Let o be (-36)/12*(-217)/3 - -3. Suppose 0 = o*f - 214*f + 36. Calculate b(f).
14
Let t(r) be the first derivative of -2*r**3/3 + 7*r**2 - 25*r + 9119. Calculate t(4).
-1
Suppose 2*k = -k. Suppose 10 = 9*b - 4*b. Let d(r) = -1 + r - 1 - b + 6. Give d(k).
2
Let z be (-2 - 16)/(-6) + 1 + 0. Let q(y) = -y + 14. Let g be q(12). Let a(l) = -1 - g*l + 2*l + 2*l - 5. What is a(z)?
2
Suppose -13 = -5*z + 2*l, -5*z - 10*l + 8*l = -37. Let y(x) = 4*x + 4. What is y(z)?
24
Let g(r) = 8*r + 202. Let h = -395 - -370. Let v be g(h). Let a(z) = -z**3 - z**2 + 3*z - 2. What is a(v)?
-8
Let z(x) = 6*x**2 - 7*x. Let o = -7067 + 7069. Calculate z(o).
10
Let u(w) = -22*w**2 + 16*w - 18. Let n(j) = -j**2 + j - 2. Let m(d) = 